isor of 16369020 and 1890.
270
Calculate the highest common divisor of 2557378 and 34.
34
What is the highest common factor of 91060 and 1921540?
580
Calculate the highest common factor of 7955 and 636955.
185
Calculate the highest common divisor of 56195631 and 698.
349
What is the highest common divisor of 82828 and 4968?
4
Calculate the highest common factor of 46545 and 41325.
435
What is the greatest common divisor of 44900 and 45144705?
2245
What is the highest common divisor of 3293901 and 6642792?
5499
Calculate the highest common factor of 4700135 and 485.
485
Calculate the greatest common divisor of 551 and 33067163.
551
What is the highest common divisor of 2542730 and 138840?
890
Calculate the highest common divisor of 3617055 and 7020.
1755
What is the highest common factor of 523735 and 87761?
2831
Calculate the highest common factor of 1053088 and 88.
8
What is the greatest common divisor of 1806237 and 1164?
291
What is the highest common factor of 36533597 and 103639?
1699
Calculate the highest common factor of 2137000 and 117000.
1000
What is the highest common divisor of 26408269 and 111?
37
Calculate the highest common factor of 16953033 and 6.
3
Calculate the greatest common factor of 10781912 and 16.
8
What is the highest common divisor of 108 and 5626716?
12
What is the greatest common divisor of 1568 and 3444455?
49
Calculate the greatest common factor of 77812 and 2553901.
2779
What is the highest common factor of 454131588 and 24?
12
What is the highest common factor of 838008 and 654948?
4068
Calculate the greatest common divisor of 57429 and 1222316.
709
What is the greatest common factor of 15864622 and 410?
82
Calculate the greatest common factor of 905690 and 4469.
41
Calculate the highest common factor of 100467 and 7348975.
3721
Calculate the highest common divisor of 76 and 125223148.
76
What is the greatest common factor of 15 and 313860615?
15
What is the greatest common divisor of 619955 and 938?
7
What is the highest common divisor of 907084 and 178?
2
Calculate the greatest common divisor of 91 and 178422048.
7
Calculate the highest common divisor of 2431 and 1581229.
13
What is the highest common divisor of 112 and 76573637?
7
Calculate the greatest common factor of 965816 and 346840.
5336
Calculate the greatest common factor of 2627 and 663850.
71
What is the highest common divisor of 2088 and 40783599?
261
Calculate the greatest common factor of 1955 and 7813353.
391
What is the highest common divisor of 2683111 and 3358?
23
What is the highest common factor of 2059926198 and 198?
66
Calculate the greatest common factor of 9932912 and 256.
16
Calculate the highest common divisor of 17450837 and 538.
269
What is the highest common divisor of 7497 and 4569?
3
What is the greatest common divisor of 34529826 and 166?
166
What is the greatest common divisor of 3619 and 19369405?
517
Calculate the greatest common divisor of 1750 and 662130.
70
Calculate the highest common divisor of 1848 and 241817136.
264
Calculate the highest common divisor of 7875 and 1858125.
375
Calculate the highest common divisor of 1226822 and 17.
17
What is the greatest common factor of 13 and 89407123?
13
What is the highest common factor of 2041 and 16068?
13
Calculate the greatest common factor of 25858672 and 616.
56
What is the greatest common factor of 9274944 and 2163?
2163
Calculate the greatest common factor of 6952132 and 44.
44
Calculate the greatest common factor of 200916758 and 42.
14
What is the greatest common factor of 315744 and 563684?
1012
What is the highest common divisor of 36009036 and 864?
108
Calculate the highest common divisor of 643559388 and 804.
804
What is the highest common factor of 1578 and 5296294?
526
What is the highest common divisor of 57936366 and 1011?
1011
Calculate the greatest common factor of 14260 and 177630.
310
Calculate the greatest common factor of 39709263 and 561.
561
Calculate the highest common factor of 1260 and 248173065.
315
Calculate the greatest common divisor of 450206801 and 68.
17
What is the greatest common divisor of 7636320 and 16?
16
Calculate the highest common divisor of 26701697 and 209.
11
Calculate the highest common divisor of 10466547 and 84.
21
What is the greatest common divisor of 3151 and 207253?
23
What is the greatest common divisor of 63120 and 162242070?
7890
What is the highest common factor of 75698628 and 943?
41
Calculate the highest common divisor of 10360 and 1794500.
740
Calculate the greatest common divisor of 204 and 1200659.
17
Calculate the highest common divisor of 17703 and 1769544.
63
Calculate the greatest common factor of 76927 and 4.
1
What is the greatest common factor of 300780 and 940?
20
Calculate the greatest common divisor of 1782564 and 2016.
84
What is the greatest common divisor of 241708 and 4?
4
Calculate the greatest common divisor of 11744 and 72551496.
2936
What is the highest common factor of 2416031 and 338131?
1889
What is the greatest common divisor of 161416 and 2840?
8
What is the highest common divisor of 5381962 and 4?
2
What is the greatest common divisor of 396 and 55289124?
396
Calculate the highest common divisor of 64960 and 12180.
4060
What is the highest common divisor of 10752 and 37231392?
96
What is the highest common divisor of 455532 and 77517?
957
What is the greatest common factor of 246 and 1335944?
82
What is the greatest common factor of 18 and 5882487?
3
What is the highest common factor of 392 and 64459080?
56
What is the greatest common divisor of 14935 and 94540?
145
What is the highest common factor of 12871 and 133529?
61
What is the greatest common factor of 66 and 836594?
22
What is the highest common divisor of 9482435 and 527?
31
Calculate the highest common divisor of 8835 and 1815760365.
8835
Calculate the greatest common divisor of 19322388 and 324.
324
Calculate the highest common factor of 5724 and 103788.
108
What is the highest common divisor of 114700975 and 50?
25
Calculate the highest common divisor of 646655718 and 46.
46
Calculate the greatest common divisor of 1785 and 16271703.
357
What is the greatest common factor of 72165919 and 98?
7
What is the greatest common factor of 293186362 and 112?
14
What is the greatest common divisor of 231 and 21558229?
77
What is the highest common factor of 6255848 and 18594?
2066
Calculate the greatest common divisor of 10332 and 268304.
164
Calculate the greatest common factor of 92786384 and 448.
16
What is the greatest common divisor of 175 and 51156375?
25
Calculate the greatest common divisor of 56 and 6052228.
28
Calculate the greatest common factor of 1271452 and 1449812.
2548
What is the highest common factor of 114457807 and 79?
79
What is the greatest common factor of 1859129 and 75737?
1429
Calculate the greatest common factor of 1118 and 8135858.
86
Calculate the highest common divisor of 159630 and 230520.
510
Calculate the highest common divisor of 38167273 and 13115.
2623
Calculate the greatest common factor of 132035771 and 126.
7
What is the greatest common divisor of 141083 and 116960?
731
What is the greatest common divisor of 38080449 and 368962?
5951
What is the highest common factor of 15717 and 365676?
93
Calculate the highest common factor of 36138684 and 17670.
3534
What is the highest common divisor of 17565840 and 31?
31
What is the greatest common divisor of 52479 and 11871?
9
Calculate the greatest common divisor of 14331197 and 10072.
1259
Calculate the greatest common factor of 52537830 and 112590.
4170
What is the greatest common divisor of 8470 and 32451958?
1694
Calculate the highest common divisor of 4676 and 943726.
14
Calculate the greatest common divisor of 9793479 and 204.
51
What is the greatest common divisor of 45326560 and 184?
184
Calculate the highest common factor of 938325710 and 805.
805
Calculate the greatest common divisor of 412 and 371076452.
412
Calculate the highest common divisor of 21444 and 1387887846.
10722
Calculate the highest common divisor of 18180 and 100125.
45
What is the highest common divisor of 8761599 and 1309?
77
Calculate the greatest common divisor of 459185155 and 110.
55
What is the greatest common divisor of 538394 and 13978?
482
Calculate the highest common f